g - 41 = -l*s, g + 34 = s + 6. What is the greatest common divisor of 15 and s?
5
Let t(m) = 42*m**3 + 14*m**2 - 31*m - 6. Let b be t(3). Calculate the highest common factor of 43 and b.
43
Let z be 8/6*-2*-12. Let p = -144 + 148. Let m(g) = 19*g - 68. Let o be m(p). Calculate the highest common factor of z and o.
8
Suppose 2*b - 1 = -m + 6*m, 5*b + 3*m - 18 = 0. Suppose -b*q + 3*u + 30 = 2*q, -q - u = -14. What is the highest common factor of 153 and q?
9
Let t = 135 - 132. Calculate the highest common factor of t and 9.
3
Suppose -3*j - 349 = 44. Let y = -85 - j. Let r be 92*3*2/8. Calculate the highest common divisor of y and r.
23
Let w(g) be the second derivative of 17*g**3/6 - 14*g**2 + 17*g. Let k be w(6). Calculate the greatest common divisor of k and 111.
37
Suppose 5*u = -3*j + 30, 3*u + 30 = j + 2*j. Suppose -3*m = 5*v - 345, -3*v = -4*m - 4*v + 443. Calculate the greatest common divisor of m and j.
10
Suppose -5*y + 20 = 2*p - p, -5*y + 5*p - 10 = 0. Suppose 0*r = y*r. Let g be (-3 + r)*1 - -47. Calculate the greatest common divisor of 66 and g.
22
Let a be (-39)/(-6) - (-4)/8. Let z = 7 - a. Suppose 0 = p - 2*s - 34, z = -p + 2*s - 6*s + 4. What is the greatest common factor of p and 12?
12
Suppose 51 = -3*t - z, 0 = 4*t - 9*z + 4*z + 87. Let n be 1 + 10 + 18 + t. Calculate the greatest common factor of n and 121.
11
Let p(i) be the second derivative of 0 - 35/6*i**3 - 1/2*i**2 - 5*i. Let g be p(-1). What is the highest common factor of 85 and g?
17
Let c be 14/(-8)*8*-1. Let n = 12 + -10. Let l(i) = 12*i**3 + 4*i**2 + 2*i - 4. Let z be l(n). Calculate the greatest common divisor of z and c.
14
Suppose 0 = 4*s - 134 - 230. Suppose -3*d = 3*t + 2*d - 11, -t - 3*d = 3. Suppose t - 90 = -6*n. Calculate the greatest common factor of s and n.
13
Let p = -220 - -269. What is the greatest common factor of p and 49?
49
Suppose -591 - 81 = -3*m. Let b(q) = 10*q - 150. Let j be b(15). Suppose j = 7*g - 3*g - m. Calculate the highest common factor of g and 8.
8
Let q = 798 + -714. Suppose 2*w = -0*w + 112. What is the greatest common factor of q and w?
28
Let t = 38 - 11. Let y(m) = -2 + 11 - m**2 + 2*m**2 - 7*m. Let p be y(7). Calculate the highest common factor of t and p.
9
Suppose 2*f - 19 = t - 6*t, -5*t + 2*f = -11. Suppose -t*q + 7 = 34. Let k be (-1 + 6/q)*-6. Calculate the highest common divisor of k and 70.
10
Let m = 69 - 109. Let z = 8 - m. Suppose 0 = -2*j - 0 - 2, 13 = r - j. What is the highest common factor of z and r?
12
Suppose -5*g = -2*a + 41, a + g = -4*g + 28. Let c be 1/(2/690*3). What is the highest common divisor of a and c?
23
Let a = 30 - 16. Let r = -2 + a. Suppose u + 15 = 3*m + 51, -4*m - 108 = -3*u. Calculate the highest common divisor of r and u.
12
Let l(o) = o**3 + 3*o**2 - 14*o - 6. Let q be l(-5). Suppose 5*j - 4 - 12 = -2*c, 3*c = 3*j + 3. Let g = c + -1. What is the highest common factor of q and g?
2
Suppose -5*d = -2*z + 12, 4*d - d = -3*z - 3. Let k be 575/8 + d/(-16). Let b be k/(-45)*(-30)/4. Calculate the highest common factor of 4 and b.
4
Let i be (-56)/(-6) - (-4)/6. Let q be 682/66 - 3/9. What is the greatest common factor of i and q?
10
Let b(x) = -x**2 + 18*x + 10. Let j be b(18). Let z(o) = 8*o - 20. Let k be z(j). What is the highest common divisor of k and 40?
20
Let b be 0/1 - (-37169)/31. What is the highest common divisor of b and 11?
11
Suppose -47 = -5*y + o, 11 = y - 2*o - 2. Let j(q) = q**3 - 9*q**2 + 8*q + 8. Let m be j(y). What is the highest common divisor of 5 and m?
5
Suppose -32*s = -38*s + 702. Calculate the greatest common factor of s and 39.
39
Let b(q) = -q + 15. Let f be b(8). Suppose 3*n - f*n + 20 = 0. Suppose -80 = i - n*i. What is the highest common divisor of i and 220?
20
Suppose -4*b - b = 0, 1575 = 3*v + 4*b. What is the highest common factor of v and 21?
21
Let j(f) = -f**3 - 15*f**2 - 11*f + 57. Let r be j(-14). Suppose -4 = -m + 26. Calculate the greatest common factor of r and m.
15
Suppose 0 = -2*c + 739 - 11. Suppose 0 = d + d - c. Suppose -2*y + 4 = 0, 3*z - 8*z + 5*y + 120 = 0. What is the highest common divisor of d and z?
26
Let c be ((-7)/21)/(3 + (-2436)/810). Calculate the greatest common factor of c and 285.
15
Suppose t - 3*r = 3*t - 25, 7 = 2*t - 3*r. Let f be (3 - 2)*-3*(t + -10). Calculate the highest common factor of 2 and f.
2
Suppose -23*m = -24*m + 4. Suppose 2*x - 2 = -c + 8, m*x = -c. Calculate the greatest common divisor of c and 20.
20
Let y(u) = u**3 + 7*u**2 - 3*u - 4. Let k be y(-6). Let i be (-1)/(-5) + 1736/70. Calculate the greatest common factor of k and i.
25
Let g = 557 - 389. Suppose -3*s - 72 = -6*s. Calculate the greatest common factor of g and s.
24
Let x(c) = 15*c**2 - 13*c - 12. Let n be x(-4). What is the greatest common factor of 35 and n?
35
Let c(n) = 124*n - 717. Let a be c(6). Suppose 41 = 5*r + k, 0*r + 3*k - 15 = -3*r. What is the greatest common factor of a and r?
9
Suppose 3*v - 49 = -5*i, 3*v - v = -5*i + 46. Let a be 2/i + (-99)/(-36). Let l = 4 - -2. What is the highest common factor of a and l?
3
Let m(w) = -12*w + 1. Let q be m(-1). Let n = q + -12. Let b be n + -2 - (-10 - 6). Calculate the highest common divisor of b and 135.
15
Suppose -4*z + 8 = -12. Suppose -z*c + 22 = 7. Suppose -3*p + 0*p + c*w = -3, -6 = -2*w. Calculate the greatest common divisor of 10 and p.
2
Suppose -5*m + 33 = 4*f - 15, -4*f - 16 = -3*m. What is the greatest common divisor of m and 32?
8
Suppose -10933 + 727 = -7*h. What is the greatest common factor of h and 54?
54
Let v(z) = -16*z**2 + 7*z - 7. Let m be v(1). Let x be -4 + 1 + (m/(-2) - 0). What is the highest common divisor of x and 35?
5
Let x(z) = 73*z**3 - 2*z**2 + z + 1. Let w be x(1). Let t = 149 - w. Calculate the greatest common divisor of t and 114.
38
Let x(p) = p**3 - 4*p**2 - 6*p - 22. Let v be x(6). What is the greatest common divisor of 434 and v?
14
Suppose 4*a - 3*a + 5*j = 2214, -3*a - 5*j + 6622 = 0. What is the highest common factor of a and 76?
76
Suppose -t - 2*d + 60 = 0, d + 267 = t + 3*t. What is the highest common factor of 12 and t?
6
Let h = 107 + -74. Let x = 14 - -8. Calculate the highest common divisor of h and x.
11
Suppose 4*t = p - 2 - 2, -4*p + 16 = 4*t. Let s be -2 + (0 - (-75 - p)). What is the greatest common divisor of 11 and s?
11
Let m = 40 + -60. Let l be -20*((-12)/m + 2 - 3). What is the highest common factor of 12 and l?
4
Let n(y) = -7*y**2 - 41*y - 6. Let m be n(-3). Calculate the highest common factor of 243 and m.
27
Let m be 8 + 2*-1 + 2. Let p(c) = c + 9. Let r be p(m). Let x be (-1)/6 + 0 + (-1025)/(-30). What is the greatest common divisor of x and r?
17
Suppose 8 = 4*w + a, 5 + 12 = 3*w - 2*a. Let c(v) = 6*v + 3 - 3. Let h be c(1). Calculate the highest common divisor of w and h.
3
Suppose -20*i + 455 = -2265. Calculate the greatest common divisor of i and 34.
34
Let f = 0 + 1. Let m be 45/9*7/35. Calculate the highest common divisor of m and f.
1
Let p(i) = 26*i - 142. Let f be p(6). Calculate the greatest common divisor of 4 and f.
2
Suppose 140*w - 184*w + 29040 = 0. What is the greatest common divisor of w and 45?
15
Suppose -102*k = -88*k - 17150. What is the highest common factor of k and 25?
25
Let y be 122/18 + 8/36. Calculate the highest common divisor of 847 and y.
7
Let z(x) = 3*x**2 - 7*x - 20. Suppose -2*s + 55 = 5*d, 2*d = -2*s - 1 + 29. Let v be z(d). Calculate the highest common factor of v and 32.
32
Let y be ((-1)/2 - -1)*2. Let z = -630 + 635. Calculate the highest common divisor of z and y.
1
Let l(x) = -x**3 - 7*x**2 - 6*x + 3. Let v be l(-6). Suppose 0 = v*m + 2 - 17. Let j be 126/15 - (-3)/m. What is the greatest common divisor of j and 1?
1
Let b = -7 + 7. Suppose b*y + 5*u = 5*y - 140, -3*y + 100 = u. Let d be 2*4/(-16)*-16. Calculate the highest common divisor of y and d.
8
Suppose 0*a + 2*a - 8 = 0. Suppose -4*v + 160 = 4*l, 2*v = -3*v + 4*l + 164. Calculate the highest common factor of v and a.
4
Let r be 1 - -153 - (-6 + (-18)/(-3)). What is the greatest common divisor of 44 and r?
22
Let b be (-2)/(-12) - (-133362)/108. What is the greatest common divisor of 95 and b?
95
Suppose 4*h + 1 - 6 = 3*u, 4*h - 35 = -3*u. What is the greatest common factor of h and 20?
5
Let s(v) = v**2 - 4*v + 11. 